Determine m(3).
-78
Let p(a) = a**3 + 72*a**2 + 335*a - 2. Calculate p(-5).
-2
Let c(y) = y**3 - 12*y**2 - 9*y + 121. Give c(12).
13
Let y(l) = -8*l**2 + 3*l - 10. What is y(-2)?
-48
Let i(u) = 5*u**2 + 113*u + 496. What is i(-6)?
-2
Let w(j) = 305*j + 41473. Give w(-136).
-7
Let p(s) = -5*s + 63. Give p(20).
-37
Let i(k) = k**3 - 67*k**2 - 59*k - 591. Give i(68).
21
Let g(l) = -l**3 + 7*l**2 - 262*l + 774. Calculate g(3).
24
Let h(m) = -2*m**3 + 5*m**2 + 80*m + 56. Calculate h(8).
-8
Let h(m) = -m**2 + 24*m - 90. Give h(18).
18
Let g(x) = x**3 + 13*x**2 + 31*x + 33. Determine g(-11).
-66
Let k(t) = 172*t - 1035. Determine k(6).
-3
Let g(r) = 37*r**2 - 50*r - 96. Determine g(-2).
152
Let j(t) = t**2 - 2*t - 1. Determine j(-7).
62
Let b(g) = g**3 - 3*g**2 - 7*g + 14. Determine b(4).
2
Let b(m) = 79*m**2 - 9948*m - 752. Determine b(126).
4
Let u(y) = -37*y**2 + 595*y - 53. Give u(16).
-5
Let h(l) = 2*l**2 - 16*l - 3153. Calculate h(44).
15
Let w(n) = 6*n**3 - 34*n**2 - 8*n - 26. Determine w(6).
-2
Let s(v) = 4*v**2 - 223*v + 447. What is s(54)?
69
Let b(h) = -9322*h + 37283. Calculate b(4).
-5
Let v(t) = 290*t + 38565. Calculate v(-133).
-5
Let f(k) = -k**3 + 19*k**2 + 1226*k + 731. What is f(46)?
-5
Let x(a) = -8*a - 870. What is x(0)?
-870
Let i(b) = -731*b - 16095. What is i(-22)?
-13
Let a(k) = -2*k**3 - 300*k**2 + 299*k - 519. Calculate a(-151).
-66
Let b(c) = 6*c**3 + 5*c**2 + 4*c + 4. Give b(-3).
-125
Let b(i) = 2*i**2 + 61*i - 28. Give b(-31).
3
Let r(g) = g**3 + 19*g**2 + 31*g - 95. Calculate r(-17).
-44
Let f(n) = 66*n + 708. Determine f(-12).
-84
Let w(g) = -g**3 + 3*g**2 + 202*g + 11. Determine w(16).
-85
Let a(m) = -m**2 - 48*m - 298. Calculate a(-34).
178
Let m(t) = t**3 - 10*t**2 - 9*t + 169. Determine m(6).
-29
Let f(y) = y**2 + 16088*y + 176858. What is f(-11)?
11
Let p(d) = -18*d**2 + 248*d + 507. Calculate p(-2).
-61
Let t(b) = 13*b - 6. What is t(-5)?
-71
Let u(v) = -86*v - 1112. What is u(-16)?
264
Let q(l) = -l**3 + 8*l**2 + 15*l - 1. What is q(10)?
-51
Let j(k) = -k**3 - 12*k**2 + 8*k + 257. Determine j(-12).
161
Let j(i) = -329*i**2 - 1983*i - 55. Give j(-6).
-1
Let x(q) = -q**3 - 9*q**2 - 6*q - 15. Calculate x(-6).
-87
Let q(b) = -b**3 + 371*b**2 - 1112*b + 26. Calculate q(3).
2
Let n(l) = 491*l - 79053. Give n(161).
-2
Let a(h) = -h**3 + 22*h**2 - 62*h + 89. Calculate a(19).
-6
Let z(g) = -635*g + 13454. What is z(21)?
119
Let o(h) = -h**2 - 686*h - 22192. Determine o(-34).
-24
Let l(u) = 3*u**3 - 4*u**2 + 18*u + 21. Give l(5).
386
Let f(u) = -96*u**3 - 9*u**2 + 9*u + 1. Determine f(1).
-95
Let a(q) = -q**3 - 101*q**2 - 827*q + 188. Give a(-92).
96
Let c(u) = 195*u - 23003. What is c(118)?
7
Let h(m) = m**3 + 11*m**2 - 384*m + 166. Give h(-26).
10
Let u(t) = -21*t - 320. Calculate u(-15).
-5
Let v(p) = -7*p**2 - 2*p - 16. What is v(4)?
-136
Let z(s) = 2*s - 573. Calculate z(7).
-559
Let m(c) = -6*c**2 - 3*c + 32. Determine m(-3).
-13
Let p(i) = -i**2 - 355*i - 16740. Determine p(-56).
4
Let j(z) = -z**3 + 30*z**2 + 5*z - 139. What is j(30)?
11
Let v(t) = -t**3 - 11*t**2 - 19*t - 123. Give v(-11).
86
Let y(t) = -194*t + 440. What is y(2)?
52
Let v(k) = k**3 - 2*k**2 - 1369*k - 38. What is v(-36)?
-2
Let n(s) = s**3 + 21*s**2 + 10*s - 3. Give n(-20).
197
Let g(q) = -q**3 + 6*q**2 + 12*q + 43. What is g(9)?
-92
Let g(h) = 10697*h - 353001. Determine g(33).
0
Let z(k) = -676*k + 10690. Calculate z(16).
-126
Let w(n) = n**2 - 117*n + 3189. Determine w(74).
7
Let l(m) = -11*m + 322. Give l(23).
69
Let a(g) = g**2 + 89*g - 4322. Give a(35).
18
Let m(q) = q**3 + 10*q**2 + 4*q - 20. Give m(-9).
25
Let a(c) = c**3 + 99*c**2 + 117*c + 1874. Give a(-98).
12
Let j(c) = 3*c**2 - c - 224. Give j(0).
-224
Let l(f) = 31*f - 2002. Determine l(64).
-18
Let k(w) = -490*w + 107. What is k(-1)?
597
Let b(h) = -h**3 - 37*h**2 + 132*h + 480. Determine b(-40).
0
Let q(y) = -2147*y + 6384. What is q(3)?
-57
Let z(p) = -138*p - 1239. Calculate z(-11).
279
Let q(l) = 32*l + 49. What is q(-2)?
-15
Let a(x) = -3*x**3 - 5*x**2 + 35*x - 87. Calculate a(3).
-108
Let g(a) = 2*a**2 + 238*a - 477. Determine g(2).
7
Let i(v) = 26*v**2 - 66*v + 11. Give i(3).
47
Let q(u) = 703*u - 5654. What is q(8)?
-30
Let q(x) = -4*x**3 + x**2 + 79*x - 379. Give q(5).
-459
Let s(f) = f - 26. Determine s(21).
-5
Let p(t) = t**3 + 12*t**2 + 7*t - 46. Calculate p(-6).
128
Let r(j) = 245*j - 1911. Determine r(8).
49
Let y(l) = -l**3 - 9*l**2 + 2168*l + 15283. What is y(-7)?
9
Let k(l) = -l**2 + 18*l + 22. What is k(13)?
87
Let g(j) = -3*j**2 + 88*j + 24. What is g(28)?
136
Let z(n) = 2380*n - 16672. What is z(7)?
-12
Let h(z) = -89971*z - 539820. What is h(-6)?
6
Let t(y) = -4*y**2 - 4*y + 95. What is t(9)?
-265
Let x(y) = -6*y**3 + 83*y**2 - 96*y + 14. Calculate x(1).
-5
Let d(j) = -j**3 - 14*j**2 + 134*j + 221. Give d(-20).
-59
Let l(w) = w**3 + 39*w**2 - 129*w - 44. What is l(-42)?
82
Let o(n) = 22*n + 1231. What is o(-55)?
21
Let h(p) = -2*p**2 + 192*p - 2296. Calculate h(82).
0
Let v(p) = -381*p - 9150. What is v(-24)?
-6
Let f(p) = p**2 + 20*p - 64. What is f(-17)?
-115
Let w(u) = 2*u**2 + 3*u + 262. What is w(0)?
262
Let n(z) = 5*z**2 - 131*z - 22. Determine n(26).
-48
Let g(a) = -51*a - 86. Determine g(-5).
169
Let f(m) = -8*m**2 + 690*m - 9516. Determine f(69).
6
Let n(i) = i**3 + 40*i**2 - 968*i + 61. What is n(-57)?
4
Let w(s) = -2*s**2 + 31*s - 72. What is w(12)?
12
Let i(m) = m**3 + 2*m**2 - 86*m + 148. Calculate i(-11).
5
Let u(a) = a**3 + 21*a**2 - 20*a + 1. What is u(-21)?
421
Let k(g) = 240*g - 101. Calculate k(0).
-101
Let p(i) = -4*i**3 + 95*i**2 + 185*i + 5. Give p(-2).
47
Let f(d) = 6*d**2 - 267*d + 104. Calculate f(44).
-28
Let x(d) = 834*d - 40035. Determine x(48).
-3
Let w(n) = n**2 + 9*n - 223. What is w(-20)?
-3
Let p(f) = -33*f + 692. Give p(21).
-1
Let z(y) = -43*y**3 + 3*y**2 - y - 3. Determine z(-1).
44
Let w(t) = t**2 + 26*t - 360. Give w(-36).
0
Let q(g) = 34*g - 298. Calculate q(12).
110
Let i(y) = 9*y + 152. Determine i(-6).
98
Let h(v) = -115*v - 698. Give h(-3).
-353
Let w(x) = -x**3 - 53*x**2 - 54*x - 162. What is w(-52)?
-58
Let a(j) = -j**3 + 3*j**2 + 18*j + 3. Give a(-4).
43
Let i(f) = 20*f + 56. Determine i(-15).
-244
Let m(o) = -20*o + 54. Calculate m(10).
-146
Let n(g) = -g**3 - 5*g**2 - 22*g - 208. Give n(-9).
314
Let m(w) = -2*w**3 + 18*w**2 + w - 29. Give m(9).
-20
Let j(p) = 543*p - 248145. What is j(457)?
6
Let i(k) = -k + 311. What is i(8)?
303
Let h(u) = 41*u**2 + 18*u - 43. What is h(2)?
157
Let f(v) = 2*v**2 - 23*v + 14. Determine f(11).
3
Let z(u) = 509*u - 1542. Give z(3).
-15
Let d(k) = -16*k**2 - 3*k + 3. What is d(4)?
-265
Let q(r) = 1062*r + 9567. Give q(-9).
9
Let t(b) = 142*b + 654. Give t(-5).
-56
Let z(t) = -2*t**3 - 9*t**2 - 8*t + 9. What is z(-4)?
25
Let f(p) = 2*p**2 + 34*p - 812. Give f(-31).
56
Let w(n) = -3*n**3 - 192*n**2 - 184*n + 214. What is w(-63)?
-101
Let q(k) = k**2 + 53*k + 265. What is q(-5)?
25
Let w(x) = -4*x**2 - 25*x - 254. What is w(-8)?
-310
Let u(s) = 79*s + 309. Determine u(-7).
-244
Let g(u) = -31*u + 265. What is g(9)?
-14
Let f(y) = -y**2 - 13*y + 225. What is f(-20)?
85
Let m(x) = -28*x**2 - 26*x - 22. Give m(-1).
-24
Let g(x) = 943*x + 5646. What is g(-6)?
-12
Let z(i) = -246*i + 1735. What is z(7)?
13
Let a(b) = -78*b - 3746. What is a(-48)?
-2
Let s(d) = d**3 + 32*d**2 - 35*d - 67. Calculate s(-33).
-1
Let a(y) = y**3 - 17*y**2 + 36*y - 1. What is a(3)?
-19
Let t(r) = -133*r + 1032. Give t(0).
1032
Let v(a) = -a**2 + 35*a - 280. Determine v(17).
26
Let m(z) = 54*z - 53. Calculate m(8).
379
Let j(q) = 50*q**2 + 848*q - 33. Give j(-17).
1
Let y(s) = -s**2 - 4*s + 17. Calculate y(-4).
17
Let c(z) = 6*z**2 + 479*z + 957. Calculate c(-2).
23
Let x(y) = 5*y**2 + 194*y - 249. What is x(-40)?
-9
Let z(j) = j**3 - 7*j**2 + 111*j + 250. Calculate z(-2).
-8
Let f(n) = 90*n - 7295. Give f(81).
-5
Let u(k) = -k**3 - 30*k**2 + 62*k - 42. Give u(-32).
22
Let u(o) = -5*o + 93. What is u(-20)?
193
Let w(g) = -354*g + 15532. What is w(44)?
-44
Let v(f) = 47*f + 56. Calculate v(1).
103
Let l(v) = 105*v + 1697. Give l(-16).
17
Let h(w) = -w**3 + 16*w**2 - 32*w - 10. Give h(3).
11
Let z(p) = 907*p - 2711. Give z(3).
10
Let d(j) = -4*j**3 - 4*j**2 - 67*j - 355. Calculate d(-4).
105
Let o(x) = 2*x**2 